{"id":69,"date":"2019-08-06T22:07:36","date_gmt":"2019-08-06T22:07:36","guid":{"rendered":"http:\/\/fonis-siamthai-massage.de\/?page_id=69"},"modified":"2019-08-29T11:08:05","modified_gmt":"2019-08-29T11:08:05","slug":"historie-der-thai-massage","status":"publish","type":"page","link":"https:\/\/fonis-siamthai-massage.de\/?page_id=69","title":{"rendered":"Historie der Thai-Massage"},"content":{"rendered":"\n<div class=\"wp-block-image\"><figure class=\"aligncenter\"><img loading=\"lazy\" decoding=\"async\" width=\"1024\" height=\"673\" src=\"https:\/\/fonis-siamthai-massage.de\/wp-content\/uploads\/2019\/08\/IMG_3088-1024x673.jpg\" alt=\"\" class=\"wp-image-24\"\/><\/figure><\/div>\n\n\n\n<p>Die Thai-Massage wurde bereits im alten Siam dem heutigen Thailand, gegen eine Vielzahl von Krankheiten angewandt.&nbsp;Sie geh\u00f6rt damit zu den \u00e4ltesten Heilk\u00fcnsten dieser Welt .<\/p>\n\n\n\n<p>Aus alten \u00dcberlieferungen brachte Buddhas Freund und&nbsp;Leibarzt Jivaka Kumar Silajar\u00fck die Lehre der Massage&nbsp;vom K\u00f6nigreich Maghada (Provinz im heutigen Indien) ins&nbsp;Land des L\u00e4chelns und gilt damit als Begr\u00fcnder der&nbsp;traditionellen Thai-Massage im alten Siam.<\/p>\n\n\n\n<p>Als man zur Phokhunram &#8211; Epoche im Mangowald&nbsp;(Pa Mamuang) einen Silajar\u00fcck von der Sukhothai &#8211; Epoche&nbsp;fand, war dies damit eines der \u00e4ltesten Dokumente, das&nbsp;bislang in Thailand gefunden wurde.&nbsp;Auf dem Silajar\u00fcck sind Eingravierungen der damaligen&nbsp;Massagetechniken eingraviert.<\/p>\n\n\n\n<p>Ab der Ayuttaya &#8211; Epoche wurde die traditionelle Thai&nbsp;Medizin immer umfangreicher. Herr La Loubaer aus&nbsp;Frankreich dokumentierte in einem Brief, dass zu jener Zeit bereits sehr viele Kranke mit Thai &#8211; Massage behandelt wurden. Sogar bei schwangeren Frauen soll die Thai &#8211; Massage angewandt worden sein, um die Geburt zu erleichtern .<\/p>\n\n\n\n<p>Ab der Pra Boroma Trai Loknaht &#8211; Epoche gab es ein Gesetz (Tra Sam Duang) das besagte, dass folgende Titel:&nbsp;Lung Khun, M\u00fchn bis zu Phan f\u00fcr Masseure vergeben werden. Falls ein Masseur einen dieser Titel ereichte, wurde&nbsp;er somit auch zum Beamten (Arzt) erhoben.<\/p>\n\n\n\n<p>Sp\u00e4ter in der Rattanakosin &#8211; Epoche wurde die traditionelle&nbsp;Thai &#8211; Medizin von der Ayuttaya &#8211; Epoche weiter \u00fcbernommen. Doch leider gingen&nbsp;durch die damaligen Kriege viele Aufzeichnungen der traditionellen &#8211; Thai &#8211;&nbsp;Medizin verloren.<\/p>\n\n\n\n<p>Der damalige K\u00f6nig Prabatsomdettprabuttayodfahjoolalok&nbsp;hat diesbez\u00fcglich \u00fcber 80 bronzene Figuren mit verschiedenen Massagepositionen und \u00fcber 60 Bilder in Steintafeln&nbsp;eingravieren lassen, um die im Krieg verlorenen Aufzeichnungen zu ersetzen. Diese Silajar\u00fccks k\u00f6nnen heute in den W\u00e4nden des Wat &#8211; Pho &#8211; Tempels besichtigt&nbsp;werden. Es werden 30 Abbildungen der K\u00f6rpervorderseite&nbsp;und 30 Abbildungen der K\u00f6rperr\u00fcckseite gezeigt.<\/p>\n\n\n\n<p>Die letzte Epoche der Thai &#8211; Massage war die von K\u00f6nig&nbsp;Prabatsomdetprajomklaojaoyoohua. Zu dieser Zeit ben\u00fctzten&nbsp;die \u00c4rzte noch das Wissen der Thai &#8211; Massage aus der&nbsp;Ayuttaya &#8211; Epoche. Als jedoch immer mehr \u00c4rzte aus&nbsp;Europa ins K\u00f6nigreich Siam kamen, ging die Zeit der&nbsp;damaligen Traditionellen Thai &#8211; Massage zu Ende.<\/p>\n\n\n\n<p>Die Thai &#8211; Massage wurde von nun an nur noch von Dorfbewohnern und den M\u00f6nchen im K\u00f6nigreich Siam praktiziert. So konnten die alten Techniken der Thai &#8211; Massage neben der&nbsp;modernen Medizin bis heute \u00fcberdauern.<\/p>\n\n\n\n<h2 class=\"wp-block-heading\">Fonis Siamthai &#8211; Massage Heidenheim<\/h2>\n\n\n\n<div class=\"wp-block-image\"><figure class=\"aligncenter\"><img loading=\"lazy\" decoding=\"async\" width=\"1024\" height=\"768\" src=\"https:\/\/fonis-siamthai-massage.de\/wp-content\/uploads\/2019\/08\/IMG_3090-1024x768.jpg\" alt=\"\" class=\"wp-image-25\"\/><\/figure><\/div>\n","protected":false},"excerpt":{"rendered":"<p>Die Thai-Massage wurde bereits im alten Siam dem heutigen Thailand, gegen eine Vielzahl von Krankheiten angewandt.&nbsp;Sie geh\u00f6rt damit zu den \u00e4ltesten Heilk\u00fcnsten dieser Welt . Aus alten \u00dcberlieferungen brachte Buddhas Freund und&nbsp;Leibarzt Jivaka Kumar Silajar\u00fck die Lehre der Massage&nbsp;vom K\u00f6nigreich Maghada (Provinz im heutigen Indien) ins&nbsp;Land des L\u00e4chelns und gilt damit als Begr\u00fcnder der&nbsp;traditionellen Thai-Massage &hellip; <\/p>\n<p class=\"link-more\"><a href=\"https:\/\/fonis-siamthai-massage.de\/?page_id=69\" class=\"more-link\"><span class=\"screen-reader-text\">\u201eHistorie der Thai-Massage\u201c <\/span>weiterlesen<\/a><\/p>\n","protected":false},"author":1,"featured_media":0,"parent":31,"menu_order":6,"comment_status":"closed","ping_status":"closed","template":"","meta":{"footnotes":""},"class_list":["post-69","page","type-page","status-publish","hentry"],"_links":{"self":[{"href":"https:\/\/fonis-siamthai-massage.de\/index.php?rest_route=\/wp\/v2\/pages\/69","targetHints":{"allow":["GET"]}}],"collection":[{"href":"https:\/\/fonis-siamthai-massage.de\/index.php?rest_route=\/wp\/v2\/pages"}],"about":[{"href":"https:\/\/fonis-siamthai-massage.de\/index.php?rest_route=\/wp\/v2\/types\/page"}],"author":[{"embeddable":true,"href":"https:\/\/fonis-siamthai-massage.de\/index.php?rest_route=\/wp\/v2\/users\/1"}],"replies":[{"embeddable":true,"href":"https:\/\/fonis-siamthai-massage.de\/index.php?rest_route=%2Fwp%2Fv2%2Fcomments&post=69"}],"version-history":[{"count":4,"href":"https:\/\/fonis-siamthai-massage.de\/index.php?rest_route=\/wp\/v2\/pages\/69\/revisions"}],"predecessor-version":[{"id":135,"href":"https:\/\/fonis-siamthai-massage.de\/index.php?rest_route=\/wp\/v2\/pages\/69\/revisions\/135"}],"up":[{"embeddable":true,"href":"https:\/\/fonis-siamthai-massage.de\/index.php?rest_route=\/wp\/v2\/pages\/31"}],"wp:attachment":[{"href":"https:\/\/fonis-siamthai-massage.de\/index.php?rest_route=%2Fwp%2Fv2%2Fmedia&parent=69"}],"curies":[{"name":"wp","href":"https:\/\/api.w.org\/{rel}","templated":true}]}}